{"id":23,"date":"2022-07-02T19:46:01","date_gmt":"2022-07-02T17:46:01","guid":{"rendered":"http:\/\/stage.riadlaterrassedesoliviers.com\/?post_type=room&#038;p=23"},"modified":"2022-12-06T19:42:06","modified_gmt":"2022-12-06T18:42:06","slug":"safa","status":"publish","type":"room","link":"https:\/\/stage.riadlaterrassedesoliviers.com\/en\/room\/safa\/","title":{"rendered":"Safa"},"content":{"rendered":"\n<p><strong>La junior Safa <\/strong>(la S\u00e9r\u00e9nit\u00e9), est situ\u00e9e au 1er \u00e9tage du Riad et ouvre sur le patio.<br>Cette chambre est \u00e9quip\u00e9e d\u2019un double canap\u00e9 en \u00e9querre.<\/p>\n","protected":false},"featured_media":183,"template":"","acf":[],"_links":{"self":[{"href":"https:\/\/stage.riadlaterrassedesoliviers.com\/en\/wp-json\/wp\/v2\/room\/23"}],"collection":[{"href":"https:\/\/stage.riadlaterrassedesoliviers.com\/en\/wp-json\/wp\/v2\/room"}],"about":[{"href":"https:\/\/stage.riadlaterrassedesoliviers.com\/en\/wp-json\/wp\/v2\/types\/room"}],"wp:featuredmedia":[{"embeddable":true,"href":"https:\/\/stage.riadlaterrassedesoliviers.com\/en\/wp-json\/wp\/v2\/media\/183"}],"wp:attachment":[{"href":"https:\/\/stage.riadlaterrassedesoliviers.com\/en\/wp-json\/wp\/v2\/media?parent=23"}],"curies":[{"name":"wp","href":"https:\/\/api.w.org\/{rel}","templated":true}]}}

<p><strong>La junior Safa </strong>(la Sérénité), est située au 1er étage du Riad et ouvre sur le patio.<br>Cette chambre est équipée d’un double canapé en équerre.</p>
